 100110?
1001011
In base 3, what is 1020 + 101?
1121
In base 3, what is -112221 - -22?
-112122
In base 8, what is 436 + 0?
436
In base 13, what is -c + -1?
-10
In base 10, what is 5 + -82?
-77
In base 11, what is 1 + -43?
-42
In base 9, what is 114 - 40?
64
In base 12, what is 3404 - 4?
3400
In base 8, what is -7 + -34?
-43
In base 2, what is 11110 + -11?
11011
In base 2, what is 1010 - 1000100110?
-1000011100
In base 11, what is 13 - -1a?
32
In base 7, what is -156 + 0?
-156
In base 3, what is 12 + 210?
222
In base 11, what is 10830 - -5?
10835
In base 3, what is -101122 + 10?
-101112
In base 4, what is -11 - 20?
-31
In base 6, what is -433 + -1?
-434
In base 2, what is -100 - -1000110?
1000010
In base 14, what is -16 + 6?
-10
In base 8, what is 10 + -176?
-166
In base 13, what is -171 + 5?
-169
In base 5, what is 41212 + -4?
41203
In base 6, what is -3 - -2122?
2115
In base 10, what is -2 - 35?
-37
In base 6, what is -4110 - 3?
-4113
In base 7, what is 56 + 263?
352
In base 4, what is 10 + 2020312?
2020322
In base 10, what is -249 + -6?
-255
In base 6, what is 21 + 2550?
3011
In base 13, what is 2 - 87?
-85
In base 13, what is 1824 - 5?
181c
In base 4, what is 10 - -3113?
3123
In base 2, what is 100 + 110111?
111011
In base 11, what is 67 - -3?
6a
In base 11, what is 7 + -105?
-a9
In base 6, what is -342 + -10?
-352
In base 9, what is 175 + -4?
171
In base 9, what is -2 - -134?
132
In base 15, what is -2 + 7a5?
7a3
In base 8, what is 2 - 323?
-321
In base 6, what is -402 + 0?
-402
In base 16, what is 7ba - -4?
7be
In base 5, what is -3204 - -2?
-3202
In base 4, what is 1001131 + 10?
1001201
In base 6, what is -420405 - -2?
-420403
In base 16, what is -2 + -f4?
-f6
In base 6, what is -11 + -4113?
-4124
In base 10, what is 0 + -47?
-47
In base 7, what is -11040 + -3?
-11043
In base 16, what is -7 - -9a?
93
In base 16, what is 1 - -b?
c
In base 2, what is 11 + -1001010?
-1000111
In base 14, what is -4 - -26?
22
In base 7, what is -11 - -53?
42
In base 7, what is -105 + 1?
-104
In base 15, what is -5e + 0?
-5e
In base 3, what is -2 - 20020?
-20022
In base 9, what is 0 - -2125?
2125
In base 9, what is 255 - -3?
258
In base 6, what is 1 - 424?
-423
In base 14, what is -188 - 24?
-1ac
In base 3, what is -11 + 1221201?
1221120
In base 9, what is 12 - 2?
10
In base 10, what is -19267 - -3?
-19264
In base 10, what is -17 - 895?
-912
In base 16, what is f12 - 2?
f10
In base 12, what is -908 + 1?
-907
In base 3, what is 0 + 112012?
112012
In base 12, what is 946 + 1?
947
In base 16, what is -d3a - 5?
-d3f
In base 14, what is -6 - -175?
16d
In base 16, what is 1 + 5a?
5b
In base 6, what is -153 - 45?
-242
In base 5, what is 10 + -1331?
-1321
In base 15, what is 1 - 1?
0
In base 12, what is -2 + 1a3?
1a1
In base 9, what is -840 - -13?
-826
In base 14, what is 21 + 42?
63
In base 9, what is 4 - -3542?
3546
In base 8, what is 3 - -160?
163
In base 16, what is 46 + -a?
3c
In base 2, what is -10000100 - 1000?
-10001100
In base 14, what is a5 + -68?
3b
In base 12, what is 8 + -2?
6
In base 9, what is -7 - -125?
117
In base 11, what is -263 - 5?
-268
In base 4, what is 13303 + -100?
13203
In base 12, what is -14 + -6?
-1a
In base 4, what is -213130 + -10?
-213200
In base 14, what is -51 + 9?
-46
In base 8, what is 0 + 56?
56
In base 15, what is -e - 1?
-10
In base 2, what is 10110111 + 110000?
11100111
In base 8, what is -5 + -13562?
-13567
In base 10, what is 30113 - -4?
30117
In base 2, what is -11 + 1001000010?
1000111111
In base 16, what is 3 - e8?
-e5
In base 4, what is -3 - 30323?
-30332
In base 5, what is 441 - 2?
434
In base 6, what is -1440 + 13?
-1423
In base 15, what is -4 + -110a?
-110e
In base 7, what is -403 + -24?
-430
In base 14, what is -11 - a?
-1b
In base 7, what is -3 - 114?
-120
In base 3, what is -211002 + -1?
-211010
In base 6, what is 4 + 120?
124
In base 12, what is 12a18 - 1?
12a17
In base 16, what is 7b - -3?
7e
In base 16, what is -b + -7e?
-89
In base 8, what is -1 - 15?
-16
In base 5, what is 2 - 222230?
-222223
In base 16, what is 9 + -101?
-f8
In base 8, what is 0 - 3253?
-3253
In base 14, what is -66 + -5?
-6b
In base 12, what is -2 - -2544?
2542
In base 6, what is -4 - -4452?
4444
In base 6, what is 13 - -252?
305
In base 4, what is 0 + -3022?
-3022
In base 7, what is 1 + -5?
-4
In base 7, what is 1112 + 0?
1112
In base 5, what is 0 - -314?
314
In base 4, what is -13 - -1302?
1223
In base 14, what is 3 - -28?
2b
In base 12, what is -3 - -a7?
a4
In base 10, what is 5 - 5?
0
In base 4, what is -11 - 3232?
-3303
In base 14, what is 6 + 4a?
52
In base 8, what is 232 - 2?
230
In base 8, what is -1146 + 2?
-1144
In base 2, what is -11 + -1001?
-1100
In base 5, what is -311 + 2020?
1204
In base 3, what is -122 + -1220?
-2112
In base 12, what is 1 + -121?
-120
In base 4, what is -11 + -130?
-201
In base 11, what is -5 - -43?
39
In base 3, what is -101101 - -12?
-101012
In base 6, what is -14 + 10?
-4
In base 14, what is 219 + 2?
21b
In base 7, what is -5 + -36?
-44
In base 7, what is -16 + 64?
45
In base 16, what is -8 + -fc?
-104
In base 4, what is -23010 - -3?
-23001
In base 16, what is -3 + 1b?
18
In base 2, what is 1011010011 + -111?
1011001100
In base 13, what is c - -4?
13
In base 15, what is -3 - 36?
-39
In base 14, what is -3 - -b50?
b4b
In base 7, what is 5 + 21?
26
In base 7, what is -1 + 26?
25
In base 4, what is 313131 + 3?
313200
In base 14, what is -1 - 43?
-44
In base 14, what is -2299 + 1?
-2298
In base 4, what is 10 + 11213?
11223
In base 12, what is -21 + 227?
206
In base 12, what is -471 + -b?
-480
In base 12, what is -480 + 3?
-479
In base 6, what is 5 + -15?
-10
In base 14, what is 122a + -3?
1227
In base 3, what is 2 - -1101200?
1101202
In base 3, what is 1020 + -11?
1002
In base 13, what is 159 + 3?
15c
In base 2, what is 1 + -1001110?
-1001101
In base 4, what is 21 + -101?
-20
In base 16, what is -4 + -99?
-9d
In base 12, what is 2 - -649?
64b
In base 9, what is 3 - 2748?
-2745
In base 11, what is -4 + 4?
0
In base 11, what is 87 - 5?
82
In base 5, what is -112223 - 3?
-112231
In base 5, what is 10302 - 3?
10244
In base 14, what is 439 - 3?
436
In base 2, what is -1010 + 100001?
10111
In base 15, what is 31 + -12?
1e
In base 13, what is 5 + 55?
5a
In base 4, what is 3 + 10120?
10123
In base 14, what is 2 - 24?
-22
In base 6, what is 1 + -225?
-224
In base 10, what is 8285 + 3?
8288
In base 15, what is -e - -23?
14
In base 12, what is 1020 + -1?
101b
In base 6, what is -4 + 451?
443
In base 11, what is -50 - -3a?
-11
In base 7, what is -4 + 15315?
15311
In base 16, what is -3 + -ce9?
-cec
In base 8, what is 42 - -33?
75
In base 13, what is -2 - -3c1?
3bc
In base 4, what is 3 - 131?
-122
In base 3, what is 121 - 220?
-22
In base 16, what is -2 - 2a?
-2c
In base 11, what is 10 + 590?
5a0
In base 10, what is -1 - 2432?
-2433
In base 7, what is 5 - -100?
105
In base 12, what is 6 + -22?
-18
In base 4, what is 1013 + 23?
1102
In base 7, what is -136461 - 4?
-136465
In base 5, what is 20034 + 4?
20043
In base 7, what is 236 - 4?
232
In base 16, what is -51d - -4?
-519
In base 4, what is 21 + -11?
10
In base 11, what is 13 - 1a?
-7
In base 7, what is 40 - -2056?
2126
In base 14, what is -105d6 - 5?
-105db
In base 7, what is -24 - 102?
-126
In base 12, what is -228 - 3?
-22b
In base 10, what is -17 - -1?
-16
In base 3, what is 1 + 102?
110
In base 13, what is -790 - 1?
-791
In base 8, what is -5 - -76?
71
In base 16, what is 6ee + -2?
6ec
In base 8, what is -5230 + -2?
-5232
In base 8, what is 0 - -65?
65
In base 6, what is -10505 - -2?
-10503
In base 13, what is -b7 - 1?
-b8
In base 7, what is 1410 + -5?
1402
In base 8, what is -12 + -1053?
-1065
In base 2, what is 100 - 1000000?
-111100
In base 2, what is -11 - -101?
10
In base 10, what is -16 + -3?
-19
In base 4, what is -1003 + -3?
-1012
In base 4, what is 1201 + -1013?
122
In base 5, what is -11101 - 20?
-11121
In base 7, what is -3311 - 1?
-3312
In base 14, what is -47 + 3?
-44
In base 14, what is 369b - -2?
369d
In base 2, what is -101 - -1110101100?
1110100111
In base 8, what is 0 - 207?
-207
In base 15, what is -390 + 5?
-38a
In base 10, what is 9 - 108?
-99
In base 10, what is 8 + 145?
153
In base 13, what is 160 - -30?
190
In base 16, what is -2 + -1?
-3
